when 55 is divided by h?
13
Suppose -13*b = -11*b - 52. Suppose 4*a + 6*q - 18 = q, -5*q + 4 = -3*a. Suppose -375 = -a*h - 3*h. What is the remainder when h is divided by b?
23
Let o be (-90)/(-20) + 2/(-4). Suppose c = 2*q + 34 + 17, 218 = o*c - q. What is the remainder when c is divided by 14?
13
Let t = 45 + -77. Let o = t + 30. Calculate the remainder when ((-312)/(-36))/(o/(-9)) is divided by 21.
18
Let a be 2/(-5) - (-4)/10. Suppose 19*y = 23*y - 40. Calculate the remainder when y is divided by 4 - 0/(a - 2).
2
What is the remainder when 14 is divided by (5 - 1) + (-16)/(-2)?
2
Let w(m) = -m - 3. Let b be w(9). Let p(t) = -t**2 + 28*t - 23. Calculate the remainder when p(26) is divided by (-20)/(-3)*b/(-5).
13
Let d be 17/3 + 2/6. Let m = d + 1. Let v(s) = 2*s**3 - s**2 + 6*s + 1. Calculate the remainder when v(2) is divided by m.
4
Let i = -9 - -18. Let k be -2*(-8)/(-4) - -26. Suppose d + k = -5*y, y + 11 = d + 3. What is the remainder when i is divided by d?
0
Let r be (-65)/(-15) - 2/(-3). Let d be r/(-10) - (-145)/2. Suppose 20*p - 24*p = -d. Calculate the remainder when p is divided by 7.
4
What is the remainder when 198 is divided by (78/(-5))/((-72)/180) + 5?
22
Let q = -15 - -25. Suppose -5*t = -2*y + 41, -3*t + 38 = y - q. What is the remainder when y is divided by 12?
9
Calculate the remainder when 150 + -10 + 1 + 6 is divided by 6.
3
Suppose -4 = -3*l + 2*l. Suppose 234 + 1092 = 102*n. What is the remainder when n is divided by l?
1
What is the remainder when 150 is divided by (-8)/((-128)/804) - 3/(-4)?
48
Suppose -4*h + 29 = c - 2, -c = -2*h - 25. Suppose -3*m - i + 309 = 0, -i = 3*m + i - 312. What is the remainder when m is divided by c?
21
Suppose 2*q - 3*q = -4. What is the remainder when 82 is divided by ((-63)/q)/(3/(-8))?
40
Let j(m) = 4*m**2 + m - 1. Let t be j(1). Suppose -5*s = -4*p - 89, 5*p - t*s + 67 = -51. Let v = 52 + p. Calculate the remainder when 75 is divided by v.
23
Let v(l) = 11*l**2 + 5*l - 3. Let k(f) be the second derivative of f**5/20 - f**4/2 + f**3 - 4*f**2 - 4*f. Calculate the remainder when v(3) is divided by k(6).
27
Suppose 41*f - 1033 = 74. Calculate the remainder when 42 is divided by f.
15
Let g = 17 - 14. Suppose -g*k = k - 56. Suppose 4*x - 36 = -2*q - 2*q, x = 5. Calculate the remainder when k is divided by q.
2
Calculate the remainder when ((-38991)/(-82))/(9/6) is divided by 16.
13
Suppose 0 = -2*o - 3*m + 38, -4 = -3*o + 3*m + 53. What is the remainder when 54 is divided by o?
16
Let h(j) = j - 1. Suppose 33 = 3*d - 4*g, -4 = -4*g + 8. Let i be h(d). What is the remainder when 66 is divided by 4/i - (-159)/7?
20
Let c(a) = -a**3 - 3*a**2 - 2*a + 8. Calculate the remainder when 90 is divided by c(-4).
26
Let a be (56/70)/((-2)/(-5)). Let i(k) = k**2 - 4*k**a - k**3 - 4*k**2 + 6 - 2 - 8*k. Calculate the remainder when i(-7) is divided by 21.
18
Suppose 4*o - r - 29 = -0*r, -7 = -2*o + 3*r. Calculate the remainder when 32 is divided by o.
0
Let r(x) = -x**2 + 6*x + 11. Let q be r(7). Suppose -4*z + 2*g - 3 = -59, -z + q*g + 28 = 0. Calculate the remainder when (-70)/(2*-1) + -1 is divided by z.
10
Suppose 3*g = 4*x - 125, 13*g - 16*g = -x + 20. What is the remainder when 67 is divided by x?
32
Let t = 522 - 401. Calculate the remainder when t is divided by 42.
37
Let d = -9 - -6. Let l(g) = 2*g**2 - 1 + 7*g**2 - 8*g**2. Calculate the remainder when l(d) is divided by 3.
2
Suppose 0 = 22*b - 739 - 119. Calculate the remainder when 150 is divided by b.
33
Let d = -727 + 846. Calculate the remainder when d is divided by 51.
17
Let i = -158 - -167. What is the remainder when 77 is divided by i?
5
Suppose -5*d - 18 = -3*x - 2*d, 4*x = d + 18. Suppose 6 + 30 = x*f. Calculate the remainder when 23 is divided by f.
5
Let q(j) = 42*j - 257. What is the remainder when q(7) is divided by 4?
1
Let a = -2067 - -2209. What is the remainder when a is divided by 18?
16
Suppose -p + 487 = -653. Let n be (-4)/14 + p/70. What is the remainder when 54 is divided by 28/(-3)*(-24)/n?
12
Let j = -195 - -406. Calculate the remainder when j is divided by 51.
7
Suppose 1044 = -18*q + 47*q. Suppose 0 = -l - 0*l - 3*h + 25, l - 4*h + 10 = 0. What is the remainder when q is divided by l?
6
Let m = 5 + 6. Suppose -4*s + 38 = 2*o - s, 0 = s - 2. Calculate the remainder when o is divided by m.
5
Suppose 0 = 5*z - 0*v - 2*v - 11, -3*z - v + 11 = 0. Suppose 2*n = z*n - 25. Suppose 23 = 3*i - n. What is the remainder when 61 is divided by i?
13
Let u(i) = i - 2. Let k(n) = -n + 1. Suppose r + 28 = -3*r + 4*v, -2*r = 4*v + 2. Let j(m) = r*k(m) - 4*u(m). What is the remainder when 8 is divided by j(0)?
2
Suppose -4*n = 4*x - 356, 6*n - 2*n - 10*x - 398 = 0. Let a(s) = 4*s**2 - 3*s - 1. Let m be a(-2). Let c = m + 10. What is the remainder when n is divided by c?
30
Suppose -5*v - t = 2*t + 25, -2*v + 4*t = 10. What is the remainder when (-11)/(-3) + (10/(-6))/v is divided by 2?
0
Let x be 28/5 - 2/(-5). Suppose 0 = -5*m + 20, m = 5*j - 0*m - x. What is the remainder when 5 is divided by j?
1
Calculate the remainder when 2*(-2)/4*(79 - 323) is divided by 63.
55
Let g(c) = c**3 + 8*c**2 - 2*c - 9. Let k be g(-7). Suppose 8*h = 3*h. Suppose k = -h*t + 3*t. What is the remainder when t is divided by 10?
8
Suppose -56*k + 5940 = 4*k. Calculate the remainder when k is divided by 15.
9
Suppose -40 = -5*v - 0*v - 5*i, 5*v = 4*i + 31. Calculate the remainder when 31 is divided by 20 - (4 - v - -7).
15
Let o(u) = -14*u**2 - 29*u + 27. Let y(l) = -5*l**2 - 10*l + 9. Let g(x) = 4*o(x) - 11*y(x). Calculate the remainder when 35 is divided by g(-6).
8
Calculate the remainder when 239 is divided by (-2)/(-2)*(80/10 + 32).
39
Suppose 2*a + 1032 - 1084 = 0. Calculate the remainder when 154 is divided by a.
24
Suppose 839 + 1149 = 28*d. Calculate the remainder when d is divided by 60.
11
Let d = 292 + -270. Calculate the remainder when d is divided by 10.
2
Suppose 4*o - o - 78 = 0. Let m(l) = l**2 - 5. Let u be m(-6). Let v = u - o. Calculate the remainder when v is divided by 2.
1
Let k(g) = g**2 + 15*g + 17. Calculate the remainder when 156 is divided by k(-16).
24
Suppose -2*q + 2*p + 18 = 0, 0*p - 4*p + 72 = 5*q. Let v(l) = -l**3 - 6*l**2 + 4*l. Calculate the remainder when v(-7) is divided by (44/(-12))/((-4)/q).
10
Let u = -71 - -72. What is the remainder when 429/12 - 1/(-4) is divided by 3 - (u*-20 + 4)?
17
Suppose 3*u - 120 = -18. Suppose 2*n + 3*b + 2 - u = 0, -3*b - 56 = -2*n. What is the remainder when n is divided by 6?
4
Let o(s) = 26*s**2 - 8*s + 9. What is the remainder when o(2) is divided by 15?
7
Let b(r) = 21*r - 12. Let j be b(6). Suppose -3*f + 192 + j = 0. What is the remainder when 50 is divided by f/8 + (-5)/(-20)?
11
Let r = 22 - 11. Let l be r/2 - 9/(-6). Suppose -1 - l = -4*y. Calculate the remainder when 2 is divided by y.
0
Let l be ((3 + -3)/(-1))/(-1). Let n = 7 + l. Suppose 51*w - 49*w = 6. What is the remainder when n is divided by w?
1
Suppose 16 - 2 = 7*o. Calculate the remainder when 54/(-4)*(-8)/6 is divided by (o/2)/((-7)/(-49)).
4
Suppose 0 = 5*x - 3*x - 222. Suppose 4*d + x = 5*d. Suppose -2*g + 5*n = -46, d = 5*g - n - 4. What is the remainder when 90 is divided by g?
21
Calculate the remainder when 402/(-15)*(-11 - -6) is divided by 5.
4
Let i = 27 + 5. Let u = -24 + i. Calculate the remainder when 23 is divided by u.
7
Let u(d) = 0 + 2*d + d - 3. What is the remainder when u(3) is divided by (1 - (-45)/(-21))*854/(-244)?
2
Suppose -4*r - 20*t + 422 = -18*t, -2*r + 2*t + 196 = 0. What is the remainder when 511 is divided by r?
99
Suppose -h + 2*w = 4*w + 21, -24 = 4*h - 4*w. What is the remainder when 156 is divided by (h/(-33))/(1/162)?
48
Let h(v) = v**3 - 9*v**2 + 2*v + 3. Let k = 84 - 44. Calculate the remainder when k is divided by h(9).
19
Suppose 4*g - 2 + 34 = 0. Calculate the remainder when 3/g + 2370/48 is divided by 17.
15
Let i(j) = j**2 + 10*j - 188. Calculate the remainder when i(-26) is divided by 84.
60
Let p be 3/(-4) - 1377/(-12). Suppose 4*o = -5*r - 113, -2*o + o + 3 = 0. Let q = r + p. Calculate the remainder when q is divided by 23.
20
Let d be (1/1)/1 - -1. Calculate the remainder when (-1 - -4)/3*31 is divided by d*(2 - (-14)/4).
9
Let l(u) = -u**3 - 6*u**2 + 5. Suppos